actors of 250331920.
2, 5, 149, 21001
What are the prime factors of 283935311?
11, 2293, 11257
List the prime factors of 54069328.
2, 53, 63761
What are the prime factors of 8673452571?
3, 7, 1447, 285433
What are the prime factors of 83355595?
5, 137, 121687
List the prime factors of 104126159.
104126159
What are the prime factors of 1289192216?
2, 13, 29, 427451
What are the prime factors of 18489904?
2, 1155619
List the prime factors of 4112355.
3, 5, 13, 21089
What are the prime factors of 228279469?
11, 811, 25589
List the prime factors of 726612401.
37, 401, 48973
List the prime factors of 121968871.
59, 2067269
List the prime factors of 670641517.
7, 13, 17, 33347
What are the prime factors of 62029653?
3, 7, 2953793
What are the prime factors of 31942909?
131, 243839
What are the prime factors of 2222168497?
2222168497
What are the prime factors of 32795657?
32795657
What are the prime factors of 50535752?
2, 6316969
What are the prime factors of 235134533?
73, 107, 30103
List the prime factors of 610622628.
2, 3, 7, 11, 60077
What are the prime factors of 28996300?
2, 5, 53, 5471
What are the prime factors of 5243763744?
2, 3, 23, 87959
List the prime factors of 488813261.
5861, 83401
What are the prime factors of 16538763?
3, 431, 12791
List the prime factors of 19155101.
7, 53, 51631
List the prime factors of 58968822.
2, 3, 11, 61, 97, 151
List the prime factors of 87713584.
2, 7, 307, 2551
What are the prime factors of 3406856034?
2, 3, 567809339
What are the prime factors of 266379622?
2, 101, 1318711
List the prime factors of 389681768.
2, 7, 2617, 2659
What are the prime factors of 282938990?
2, 5, 17, 67, 24841
What are the prime factors of 1643246692?
2, 19, 257, 84131
What are the prime factors of 117144068?
2, 587, 49891
What are the prime factors of 293382584?
2, 11, 3333893
What are the prime factors of 910708493?
910708493
What are the prime factors of 52597473?
3, 17, 1031323
List the prime factors of 337967940.
2, 3, 5, 5632799
What are the prime factors of 25266152?
2, 181, 17449
List the prime factors of 15141888.
2, 3, 31, 53
List the prime factors of 326596642.
2, 23, 7099927
List the prime factors of 195080135.
5, 23, 61, 27809
What are the prime factors of 127356732?
2, 3, 97, 12157
What are the prime factors of 5438906404?
2, 1013, 1342277
List the prime factors of 27939467.
383, 72949
List the prime factors of 277945504.
2, 31, 280187
What are the prime factors of 487536243?
3, 162512081
List the prime factors of 355020400.
2, 5, 7, 103, 1231
List the prime factors of 1037312442.
2, 3, 61, 944729
List the prime factors of 217642010.
2, 5, 31, 367, 1913
List the prime factors of 241880645.
5, 1949, 24821
What are the prime factors of 221688604?
2, 55422151
What are the prime factors of 148716434?
2, 5557, 13381
What are the prime factors of 39890343?
3, 431, 30851
List the prime factors of 2874213.
3, 319357
List the prime factors of 1833383015.
5, 23, 15942461
What are the prime factors of 40320323?
40320323
List the prime factors of 2888934648.
2, 3, 19, 487, 13009
List the prime factors of 328060281.
3, 179, 610913
List the prime factors of 293321129.
1039, 282311
What are the prime factors of 30037686?
2, 3, 7, 71, 1439
List the prime factors of 32632821.
3, 13, 239, 389
What are the prime factors of 1848534?
2, 3, 53, 5813
List the prime factors of 37765927.
2617, 14431
List the prime factors of 6493905.
3, 5, 11, 4373
List the prime factors of 1619082700.
2, 5, 23, 703949
List the prime factors of 5262479828.
2, 1315619957
What are the prime factors of 347011917?
3, 7, 16524377
What are the prime factors of 485791034?
2, 242895517
What are the prime factors of 36559100?
2, 5, 365591
What are the prime factors of 124409787?
3, 41469929
What are the prime factors of 1510082204?
2, 23, 163, 100699
List the prime factors of 573539153.
11, 31, 107, 1429
What are the prime factors of 746930?
2, 5, 113, 661
What are the prime factors of 239032978?
2, 119516489
List the prime factors of 105202202.
2, 7, 19, 617, 641
List the prime factors of 23280444.
2, 3, 11, 58789
What are the prime factors of 923134295?
5, 1549, 119191
What are the prime factors of 76770624?
2, 3, 7, 239
What are the prime factors of 342754374?
2, 3, 17, 3360337
What are the prime factors of 479688422?
2, 17, 14108483
What are the prime factors of 7088500347?
3, 2362833449
What are the prime factors of 273932600?
2, 5, 557, 2459
What are the prime factors of 260620424?
2, 5107, 6379
List the prime factors of 2953051375.
5, 23624411
List the prime factors of 243447038.
2, 17, 19, 376853
List the prime factors of 4620070491.
3, 22129, 69593
List the prime factors of 2882732954.
2, 139, 10369543
List the prime factors of 39321294.
2, 3, 823, 7963
List the prime factors of 125332758.
2, 3, 773659
List the prime factors of 235422498.
2, 3, 39237083
List the prime factors of 987369662.
2, 5821, 84811
What are the prime factors of 47242941?
3, 3631, 4337
What are the prime factors of 2780215292?
2, 17, 353, 115823
What are the prime factors of 80555026?
2, 40277513
List the prime factors of 73607770.
2, 5, 397, 18541
What are the prime factors of 376821974?
2, 188410987
What are the prime factors of 91862537?
13, 1399, 5051
List the prime factors of 217814220.
2, 3, 5, 13, 93083
What are the prime factors of 30834576?
2, 3, 214129
List the prime factors of 305797205.
5, 7, 8737063
What are the prime factors of 37009369?
23, 43, 1627
What are the prime factors of 317577830?
2, 5, 173, 183571
What are the prime factors of 124806543?
3, 41602181
What are the prime factors of 102554315?
5, 1951, 10513
What are the prime factors of 20181488?
2, 23, 173, 317
What are the prime factors of 4327224750?
2, 3, 5, 53, 131, 277
List the prime factors of 264737915.
5, 13, 53, 76847
List the prime factors of 2395520577.
3, 109, 461, 5297
List the prime factors of 2338019862.
2, 3, 37, 83, 223, 569
What are the prime factors of 2640047195?
5, 41, 1637, 7867
What are the prime factors of 8933298?
2, 3, 11, 135353
What are the prime factors of 423287380?
2, 5, 3469, 6101
List the prime factors of 44255384.
2, 137, 149, 271
What are the prime factors of 392488853?
157, 193, 12953
What are the prime factors of 2542158104?
2, 17, 2137, 8747
What are the prime factors of 50349876?
2, 3, 4195823
What are the prime factors of 25336367?
7, 19, 197, 967
What are the prime factors of 62588856?
2, 3, 11, 79, 3001
List the prime factors of 49190677.
19, 2588983
What are the prime factors of 384711694?
2, 192355847
What are the prime factors of 80969489?
31, 97, 26927
List the prime factors of 49970451.
3, 29, 574373
List the prime factors of 464963703.
3, 6037, 25673
List the prime factors of 277572179.
277572179
List the prime factors of 1942141423.
41, 101, 173, 2711
List the prime factors of 3194961392.
2, 7, 59, 483499
List the prime factors of 405449318.
2, 202724659
What are the prime factors of 160629771?
3, 797, 67181
List the prime factors of 29177994.
2, 3, 43, 113093
What are the prime factors of 362847126?
2, 3, 23, 31, 89, 953
What are the prime factors of 4435058442?
2, 3, 43, 17190149
List the prime factors of 404377930.
2, 5, 11, 3676163
List the prime factors of 1160027919.
3, 19, 577, 3919
What are the prime factors of 60172363?
60172363
List the prime factors of 33903379.
33903379
What are the prime factors of 143967695?
5, 23, 617, 2029
List the prime factors of 645398666.
2, 11, 61, 593, 811
List the prime factors of 1881529970.
2, 5, 188152997
What are the prime factors of 86283241?
11, 43, 182417
List the prime factors of 887810031.
3, 29, 1133857
List the prime factors of 3926557608.
2, 3, 23, 101, 70429
What are the prime factors of 178738938?
2, 3, 7, 1069, 1327
What are the prime factors of 466981475?
5, 461, 40519
List the prime factors of 140820753.
3, 163, 287977
What are the prime factors of 150750274?
2, 653, 115429
What are the prime factors of 161121381?
3, 53707127
List the prime factors of 71573692.
2, 17893423
What are the prime factors of 831307236?
2, 3, 47, 1473949
List the prime factors of 874922521.
11, 79538411
What are the prime factors of 274603904?
2, 2145343
List the prime factors of 1131377137.
11, 102852467
List the prime fac